95606
In base 5, what is -11241110 + 4241?
-11231314
In base 8, what is 30454343 - 0?
30454343
In base 10, what is 33067 - -335?
33402
In base 7, what is 115133525 - 4?
115133521
In base 8, what is -4545524 + 40?
-4545464
In base 7, what is -3342205 + 104?
-3342101
In base 8, what is -33216602 + 4?
-33216576
In base 8, what is 71 + -22622241?
-22622150
In base 14, what is 3a8 - 51dca?
-51a22
In base 4, what is -312 + 311110103?
311103131
In base 3, what is -12112021111 + 1211?
-12112012200
In base 14, what is -2 - 1dd0c926?
-1dd0c928
In base 6, what is 3 + -41000024?
-41000021
In base 12, what is -17 - 1b9217b?
-1b92196
In base 10, what is 24991 - 30833?
-5842
In base 14, what is 69ab41 + -1?
69ab40
In base 9, what is 263 - -31316?
31580
In base 14, what is 1 - 171bcc2?
-171bcc1
In base 5, what is 32 + 34244210004?
34244210041
In base 15, what is -5 + -cb111a8?
-cb111ad
In base 2, what is 11011011011101111011111 + 1?
11011011011101111100000
In base 9, what is -271001706 - -1?
-271001705
In base 3, what is -11101212010 - -112?
-11101211121
In base 2, what is -11110110101100 - -1100011010?
-11101010010010
In base 12, what is 6 - 21ab55?
-21ab4b
In base 3, what is 1012 - -11002201012221?
11002201021010
In base 11, what is -161 - -13610?
1345a
In base 9, what is 144 + 21638?
21783
In base 2, what is 1000111001001 + 1010010000?
1010001011001
In base 7, what is 3 - 14224523?
-14224520
In base 9, what is 312 + 1611573?
1611885
In base 6, what is -5322121 + 11041?
-5311040
In base 10, what is 128832 + 88?
128920
In base 5, what is -1124332021 + -33?
-1124332104
In base 7, what is -563120 - 142?
-563262
In base 6, what is -52244002 - 3?
-52244005
In base 12, what is -1069b17 - -12?
-1069b05
In base 15, what is -129a58c + 1?
-129a58b
In base 8, what is 4230 + -16672?
-12442
In base 3, what is -2021002000002000 + -21?
-2021002000002021
In base 9, what is -38 - 2155278?
-2155327
In base 6, what is -1 + -2242333351?
-2242333352
In base 7, what is -53 - -130533?
130450
In base 7, what is 23453236 + -14?
23453222
In base 4, what is -1012030301 - 21331?
-1012112232
In base 5, what is 12213322003 - 4?
12213321444
In base 13, what is -39 + -216cc3?
-21702c
In base 12, what is 2a0 - 3b77?
-3897
In base 8, what is 630 + -130025?
-127175
In base 2, what is 1000011000001 - -101010100110001?
110010111110010
In base 16, what is -18 - -388f7?
388df
In base 3, what is -10202012112210 - -12?
-10202012112121
In base 15, what is 59ac + -22?
598a
In base 16, what is 3b7fa3 + -d?
3b7f96
In base 9, what is 1660833225 + -5?
1660833220
In base 15, what is 6b2 + -d09?
-647
In base 4, what is -102010101 + -1333?
-102012100
In base 10, what is 1207854 + 5?
1207859
In base 9, what is -71 - 111676?
-111757
In base 7, what is 1 + -66016313?
-66016312
In base 16, what is -2a770 - -152?
-2a61e
In base 2, what is 100 + 111010011101100110101100?
111010011101100110110000
In base 11, what is 116807 - a5?
116712
In base 9, what is 5 + 5607235?
5607241
In base 13, what is 8076 + -589?
77ba
In base 8, what is -17625 + -2733?
-22560
In base 7, what is 330 + -2213003?
-2212343
In base 3, what is 101221120 - -121112?
102120002
In base 14, what is -834126 + 8?
-83411c
In base 6, what is 1223 - -11024022?
11025245
In base 16, what is -6 - 46105e5?
-46105eb
In base 11, what is 2287a556 + 4?
2287a55a
In base 14, what is -296a - -255da?
22a70
In base 2, what is -11 + 1000101001110100111111011100?
1000101001110100111111011001
In base 8, what is -273212 + 1143?
-272047
In base 15, what is 6174b1 + 4?
6174b5
In base 10, what is 139 - -4282?
4421
In base 4, what is -3 - 101012010321030?
-101012010321033
In base 11, what is -11413 - 17115?
-28528
In base 16, what is 281f2f6 + -1a?
281f2dc
In base 9, what is 307 - 75652?
-75344
In base 13, what is 116 + 7495b?
74a74
In base 3, what is 220100011 - -21020221?
1011121002
In base 15, what is -7e8cd0 + 4?
-7e8ccb
In base 7, what is 6613 + -35014?
-25101
In base 3, what is 11001002110 + 20101?
11001022211
In base 14, what is 204d3a7 - 2?
204d3a5
In base 9, what is 11284 - 14721?
-3426
In base 14, what is -1c74cc6 - 0?
-1c74cc6
In base 3, what is -2002000202010201 - 11?
-2002000202010212
In base 15, what is -12d48a6 - 1?
-12d48a7
In base 4, what is -300203 - 1111000?
-2011203
In base 8, what is 61 - 2410006?
-2407725
In base 8, what is -456714 + -164?
-457100
In base 16, what is -1d4190 + 9?
-1d4187
In base 10, what is 136 - 1039130?
-1038994
In base 4, what is 2001 + -12302233?
-12300232
In base 4, what is -20013 + -10230232?
-10310311
In base 3, what is 0 + 20021122000200?
20021122000200
In base 13, what is -3303 + -182b?
-4b31
In base 13, what is 1463 - -2104?
3567
In base 9, what is -110263 - 10042?
-120315
In base 12, what is 1261 - 42a4b?
-417aa
In base 14, what is -904 - -12d67?
12463
In base 13, what is -1 + 331001b?
331001a
In base 7, what is -53410 + 2010?
-51400
In base 3, what is 202000020021221 + 2?
202000020022000
In base 2, what is 11001110001100111011 + 11?
11001110001100111110
In base 10, what is -687658 + -122?
-687780
In base 16, what is 1e6 - d2969?
-d2783
In base 5, what is 1 - -2320221101?
2320221102
In base 15, what is 2193e85 + 0?
2193e85
In base 3, what is -22221001221 - -2012?
-22220222202
In base 2, what is -1000111110 - -1110000100001?
1100111100011
In base 14, what is -1b81b7b + -13?
-1b81b90
In base 9, what is 21 + 375770?
375801
In base 9, what is 101 + -2703054?
-2702853
In base 2, what is -11100011101000 + 11011110001?
-11000111110111
In base 10, what is -5145646 + -4?
-5145650
In base 12, what is 815769 + -10?
815759
In base 9, what is 5 - 61770851?
-61770845
In base 11, what is 1a19643 - -a9?
1a19741
In base 2, what is 110101110010000111101000 - 1?
110101110010000111100111
In base 14, what is 15 + -8d184?
-8d16d
In base 2, what is 1 - -11011100111101110000000?
11011100111101110000001
In base 4, what is 23321 + -2002011303?
-2001321322
In base 7, what is 6500646 + -3?
6500643
In base 2, what is -10000011101010111100010100100 - -101?
-10000011101010111100010011111
In base 16, what is -30c + 98e?
682
In base 2, what is -100010 + 100001000000101100011010?
100001000000101011111000
In base 15, what is 2715 - -e387?
11a9c
In base 6, what is -10235451 + 14?
-10235433
In base 5, what is -14404 + -24321242?
-24341201
In base 2, what is 11001000000000110110 - -10?
11001000000000111000
In base 9, what is -413241 + -32?
-413273
In base 11, what is -2863 + -4837?
-759a
In base 14, what is -4063d + 2d?
-40610
In base 2, what is 10010111010 + -100001100010110?
-11111001011100
In base 14, what is -61 + 562509?
562488
In base 7, what is 1 - -234545316?
234545320
In base 7, what is -32565101 - 3?
-32565104
In base 7, what is 4 + -2635543024?
-2635543020
In base 8, what is -46 - 2352041?
-2352107
In base 5, what is 121243 + -2310020?
-2133222
In base 12, what is a - -821612?
821620
In base 13, what is -3a5c68 + -1?
-3a5c69
In base 3, what is 10 - -102211022020010102?
102211022020010112
In base 6, what is -542130 - 344?
-542514
In base 5, what is 32 + -314411203?
-314411121
In base 16, what is -2534de + -1c?
-2534fa
In base 11, what is -5 + 1862a74?
1862a6a
In base 2, what is -10 + -1001111101100010101001010?
-1001111101100010101001100
In base 12, what is 5 - -1aab859?
1aab862
In base 10, what is 7066 - -37423?
44489
In base 13, what is -762 + -302?
-a64
In base 9, what is 0 + 6667643?
6667643
In base 11, what is 4746994 - -8?
47469a1
In base 7, what is 4 - -10553664?
10554001
In base 7, what is -60664050 - 202?
-60664252
In base 11, what is 1554 - -669a4?
68448
In base 4, what is 3202033 + 121021021?
130223120
In base 3, what is -22121112220021022 - -10?
-22121112220021012
In base 9, what is 245183 - 441?
244642
In base 5, what is 0 - 14003131434?
-14003131434
In base 9, what is 61 - -560446?
560517
In base 6, what is 44 - -221045402?
221045450
In base 4, what is 102312 - 223101?
-120123
In base 6, what is 3152005324 - 0?
3152005324
In base 6, what is -3 - -404134204?
404134201
In base 15, what is 2 - 2d1b840?
-2d1b83d
In base 8, what is 1355 + 23067?
24444
In base 3, what is -112011000211 - 1120120?
-112012121101
In base 8, what is 5334440 + -274?
5334144
In base 3, what is 122112121212211200 - -2?
122112121212211202
In base 13, what is 3b57